 is 11 + -45?
-34
In base 6, what is 10 + -2?
4
In base 13, what is -1 + -12?
-13
In base 11, what is 4 + -537?
-533
In base 14, what is 1 - -154?
155
In base 16, what is 706 + 4?
70a
In base 10, what is 8079 + 4?
8083
In base 13, what is -4 - 4b?
-52
In base 15, what is -15 + 28?
13
In base 3, what is -1102 - 10021?
-11200
In base 11, what is -56 + -3?
-59
In base 10, what is -5 - -128?
123
In base 5, what is -21 - -104?
33
In base 16, what is 5 - -21b?
220
In base 8, what is 661 + 0?
661
In base 4, what is 1 - 22013?
-22012
In base 13, what is -2 + b02?
b00
In base 6, what is 1 + 2332?
2333
In base 14, what is -1 - -1b67?
1b66
In base 2, what is -11 + 110011111?
110011100
In base 8, what is -4 - 75?
-101
In base 16, what is 1e5e - -1?
1e5f
In base 16, what is d4 + 0?
d4
In base 12, what is -3 + -81?
-84
In base 13, what is 7a - -1?
7b
In base 9, what is -12 - -2?
-10
In base 7, what is 136 + 16?
155
In base 15, what is 5 - -95?
9a
In base 5, what is 43 + 20?
113
In base 8, what is -112 + -1?
-113
In base 15, what is 13ce - 5?
13c9
In base 10, what is -431 - -4?
-427
In base 7, what is 155 - -4?
162
In base 12, what is 66 + -2b?
37
In base 4, what is 211232 + -10?
211222
In base 9, what is 4 + 30?
34
In base 2, what is 0 + -11011111?
-11011111
In base 2, what is -110 + -1100100?
-1101010
In base 3, what is 122021 + 0?
122021
In base 2, what is 110001110 + -11?
110001011
In base 9, what is -177 - 116?
-304
In base 8, what is -30 - 40?
-70
In base 15, what is 1 - 37?
-36
In base 15, what is 0 - -1024?
1024
In base 2, what is 100 - -1001001?
1001101
In base 12, what is -994 + -9?
-9a1
In base 16, what is 1 + -3?
-2
In base 11, what is 19 + 65a?
678
In base 8, what is 353 - -3?
356
In base 5, what is -220043 - 2?
-220100
In base 9, what is -241 + 3?
-237
In base 13, what is c + 12b7?
12c6
In base 6, what is -3210 + -10?
-3220
In base 15, what is -1a + -2ab?
-2c6
In base 10, what is -311 + -12?
-323
In base 11, what is -19 - -7?
-12
In base 4, what is -121 - 322?
-1103
In base 8, what is -11 - -161?
150
In base 3, what is -110 - -20110?
20000
In base 15, what is 3e - 36?
8
In base 12, what is 4 - b9?
-b5
In base 10, what is 4 + -168?
-164
In base 3, what is -1 + -20220?
-20221
In base 14, what is 523 + -1?
522
In base 2, what is 111111 + 110?
1000101
In base 8, what is -4 - 1000?
-1004
In base 7, what is 53 - -3?
56
In base 8, what is -313 + 6?
-305
In base 15, what is 1a8e + 0?
1a8e
In base 12, what is 21 - 132?
-111
In base 13, what is -14461 + -3?
-14464
In base 12, what is 6a + -5?
65
In base 15, what is 164 - 12?
152
In base 11, what is 5 + 316?
320
In base 14, what is -13 + -b?
-20
In base 2, what is 101111111010 - 0?
101111111010
In base 16, what is -d - 51?
-5e
In base 12, what is 2516 - 6?
2510
In base 16, what is 15 + -d?
8
In base 2, what is -101 + -110110101?
-110111010
In base 10, what is -881 - -1?
-880
In base 14, what is 1 + 15?
16
In base 10, what is 10 - 18?
-8
In base 2, what is -10100011110 + 110?
-10100011000
In base 8, what is -3 + 5132?
5127
In base 7, what is -1150 + 43?
-1104
In base 10, what is -30 + 17?
-13
In base 12, what is -bb - -2?
-b9
In base 16, what is -e - 3?
-11
In base 14, what is -1 + -23c2?
-23c3
In base 10, what is 2242 + 1?
2243
In base 3, what is -1022112 - -11?
-1022101
In base 9, what is 12 - -24?
36
In base 5, what is 102 - 3?
44
In base 4, what is -12223 - -3?
-12220
In base 11, what is -7 + -1283?
-128a
In base 14, what is -8 + -43?
-4b
In base 10, what is 10 + 16?
26
In base 7, what is 3 + 145?
151
In base 10, what is -6 + -395?
-401
In base 14, what is 1970 + 0?
1970
In base 4, what is 1302 + -22?
1220
In base 8, what is 306 - 4?
302
In base 6, what is -234 + 0?
-234
In base 11, what is 170 - 0?
170
In base 11, what is -1 + -31?
-32
In base 10, what is 44 - 2?
42
In base 6, what is 4052 - 0?
4052
In base 10, what is -8 - -3074?
3066
In base 4, what is -230 + 100?
-130
In base 8, what is 464 - -77?
563
In base 8, what is 11 - -4?
15
In base 8, what is -1002 - -4?
-776
In base 11, what is 1 - 2136?
-2135
In base 4, what is -1310 + 10?
-1300
In base 11, what is -76 - -19?
-58
In base 7, what is -21 + 201?
150
In base 7, what is 2131 + -30?
2101
In base 13, what is 9a - 5?
95
In base 10, what is 83 - -4?
87
In base 2, what is 100001010111110 + 1?
100001010111111
In base 14, what is -872 - -4?
-86c
In base 10, what is 28 + 53?
81
In base 9, what is -317 - 4?
-322
In base 7, what is 62 + -1?
61
In base 7, what is 5 + -3064?
-3056
In base 15, what is 120e - -7?
1216
In base 5, what is 4044 - -13?
4112
In base 13, what is 0 - -284c?
284c
In base 16, what is -14 + 4?
-10
In base 9, what is -3 - -24?
21
In base 7, what is 0 + -45?
-45
In base 15, what is 2 + -33?
-31
In base 5, what is 3133 + -133?
3000
In base 12, what is 283 - 2?
281
In base 2, what is -101101010010 - 0?
-101101010010
In base 5, what is 3 - -142423?
142431
In base 2, what is 11011001000 + 10?
11011001010
In base 8, what is 11 + 30?
41
In base 12, what is -61 + -28?
-89
In base 16, what is -17 - 48?
-5f
In base 5, what is -3 - -104?
101
In base 4, what is 1010 + 1110?
2120
In base 9, what is -26 - 60?
-86
In base 9, what is -827 + 10?
-817
In base 11, what is 362 - 27?
336
In base 14, what is 1 - -760?
761
In base 5, what is -20140 + 10?
-20130
In base 14, what is 3 - 231?
-22c
In base 2, what is 100 - 110?
-10
In base 15, what is 7e - 5?
79
In base 6, what is 14 - -130?
144
In base 8, what is 15 + 210?
225
In base 2, what is 1010000101111 + 11?
1010000110010
In base 16, what is 3 - 6?
-3
In base 10, what is 4 + 11?
15
In base 6, what is 24 + -110?
-42
In base 4, what is 113 - -12?
131
In base 9, what is 334 + 11?
345
In base 4, what is 21023 - 10?
21013
In base 14, what is -1651c + 5?
-16517
In base 7, what is -2 - -3441?
3436
In base 4, what is -10 - 22122?
-22132
In base 7, what is 13 - -5021?
5034
In base 4, what is 1 + -10?
-3
In base 15, what is -5 - -136?
131
In base 2, what is 0 - -10010011010?
10010011010
In base 14, what is 1a + 1a5?
1c1
In base 12, what is -13 + -316?
-329
In base 15, what is -77 - 1?
-78
In base 9, what is 74 + -11?
63
In base 11, what is -3385 - 0?
-3385
In base 16, what is 303 - 2?
301
In base 11, what is 1513 + 2?
1515
In base 14, what is -211 - 0?
-211
In base 13, what is c + 29?
38
In base 5, what is -2 + 3032?
3030
In base 4, what is -231 + 302?
11
In base 13, what is 8a4 + -4?
8a0
In base 7, what is 6 - 233?
-224
In base 13, what is -a3 + 5?
-9b
In base 14, what is 4 - 1?
3
In base 12, what is 0 + 1b40?
1b40
In base 16, what is -4 + 64?
60
In base 6, what is 3413 - -4?
3421
In base 6, what is -35 - 13?
-52
In base 2, what is 1011111 - -10011?
1110010
In base 11, what is 4 - 67?
-63
In base 4, what is -201 + -3200?
-10001
In base 5, what is -10 - 1140?
-1200
In base 3, what is 202102 + 10?
202112
In base 10, what is -20270 + 1?
-20269
In base 6, what is 4 + -10?
-2
In base 6, what is -113 + 5?
-104
In base 10, what is -5 - -72?
67
In base 11, what is 8219 + 3?
8221
In base 3, what is -120202 - 210?
-121112
In base 4, what is 21023 + 12?
21101
In base 12, what is -7472 + 0?
-7472
In base 12, what is -2 + -23?
-25
In base 11, what is a + 6?
15
In base 9, what is -3 + 8?
5
In base 14, what is -a - 12?
-1c
In base 4, what is 22313 - 2?
22311
In base 3, what is -200000210 + 10?
-200000200
In base 11, what is 74 - 14?
60
In base 8, what is 4 + -6?
-2
In base 13, what is -2 - 39?
-3b
In base 6, what is -4 - 131?
-135
In base 11, what is 9 + 1222?
1230
In base 11, what is -513 + -1?
-514
In base 2, what is 1010001 - 1?
1010000
In base 13, what is 144 - -23?
167
In base 9, what is -2 + 44?
42
In base 14, what is -7 + -2?
-9
In base 6, what is -1 - 454?
-455
In base 3, what is 1 + 2?
10
In base 4, what is 2 - 2312?
-2310
In base 7, what is -10 - -2?
-5
In base 14, what is 10 - -1?
11
In base 12, what is 29a + 7?
2a5
In base 3, what is -11 - 120021?
-120102
In base 4, what is -221 + 1?
-220
In base 8, what is -34 + 107?
53
In base 6, what is 2 + -155?
-153
In base 9, what is -5 + -508?
-514
In base 11, what is 6 - 45?
-3a
In base 9, what is -1326 - -4?
-1322
In base 7, what is -6363 - 5?
-6401
In base 8, what is 1 - -5617?
5620
In base 6, what is -1054 - -15?
-1035
In base 5, what is -11 + -14?
-30
In base 13, w